{"id":10507,"date":"2019-01-24T13:50:48","date_gmt":"2019-01-24T13:50:48","guid":{"rendered":"https:\/\/www.dppireland.ie\/contact-us\/"},"modified":"2022-08-18T16:13:06","modified_gmt":"2022-08-18T15:13:06","slug":"contact-us","status":"publish","type":"page","link":"https:\/\/www.dppireland.ie\/ga\/contact-us\/","title":{"rendered":"D\u00e9an Teagmh\u00e1il Linn"},"content":{"rendered":"<div class=\"wpb-content-wrapper\"><p>[vc_row][vc_column][vc_column_text]<strong>Seoladh:<\/strong><br \/>\n    Oifig an Sti\u00farth\u00f3ra Ionch\u00faiseamh Poibl\u00ed<strong><br \/>\n    <\/strong>B\u00f3thar na hOtharlainne<br \/>\n    Baile \u00c1tha Cliath 7<br \/>\n    D07 FHN8<br \/>\n    \u00c9ire<\/p>\n<p><strong>Teileaf\u00f3in Lasc-chl\u00e1r:&nbsp; <\/strong>+ 353 (0)1 858 8500<\/p>\n<p><strong>Uaireanta Oibre:<\/strong><br \/>\n    09.00 to 17.30 &#8211; Luan &#8211; D\u00e9ardaoin<br \/>\n    09.00 to 17.00 &#8211; Aoine<\/p>\n<p>&nbsp;[\/vc_column_text][\/vc_column][\/vc_row][vc_row][vc_column]<div id=\"accordion-udaioo8yeco\" class=\"accordion\">\n    <div class=\"card\">\n    <div class=\"card-header\" id=\"heading-riomhphost\">\n\n        <h2 class=\"mb-0\"><a class=\"collapsed\" href=\"#accordion-udaioo8yeco-collapse-riomhphost\" data-toggle=\"collapse\" data-target=\"#accordion-udaioo8yeco-collapse-riomhphost\" aria-expanded=\"false\" aria-controls=\"accordion-udaioo8yeco-collapse-riomhphost\">R\u00edomhphost<\/a><\/h2>\n\n    <\/div>\n    <div id=\"accordion-udaioo8yeco-collapse-riomhphost\" class=\"collapse\" aria-labelledby=\"heading-riomhphost\" data-parent=\"#accordion-udaioo8yeco\" style=\"\">\n        <div class=\"card-body\">\n            <p>Tabhair ar aird, ar ch\u00faiseanna r\u00fandachta, nach f\u00e9idir le hOifig an Sti\u00farth\u00f3ra Ionch\u00faiseamh Poibl\u00ed glacadh le comhfhreagracht a bhaineann le comhaid ionch\u00faisimh choiri\u00fail a sheoltar le r\u00edomhphost. Ba ch\u00f3ir aon chomhfhreagras a bhaineann le comhaid ionch\u00faisimh choiri\u00fail a bheith i scr\u00edbhinn agus a chur ar aghaidh leis an bpost chuig B\u00f3thar na hOtharlainne mar a thuairisc\u00edtear thuas.<\/p>\n<p>Is f\u00e9idir fiosruithe de chine\u00e1l ginear\u00e1lta a chur le r\u00edomhphost chuig: <strong><a href=\"mailto:dpp@dppireland.ie\">dpp@dppireland.ie<\/a><\/strong><\/p>\n<p>Is f\u00e9idir fiosruithe as Gaeilge a chur le r\u00edomhphost chuig: <strong><a href=\"mailto:gaeilge@dppireland.ie\">gaeilge@dppireland.ie<\/a><\/strong><\/p>\n\n        <\/div>\n    <\/div>\n<\/div><div class=\"card\">\n    <div class=\"card-header\" id=\"heading-oifigeach-um-shaorail-faisneise\">\n\n        <h2 class=\"mb-0\"><a class=\"collapsed\" href=\"#accordion-udaioo8yeco-collapse-oifigeach-um-shaorail-faisneise\" data-toggle=\"collapse\" data-target=\"#accordion-udaioo8yeco-collapse-oifigeach-um-shaorail-faisneise\" aria-expanded=\"false\" aria-controls=\"accordion-udaioo8yeco-collapse-oifigeach-um-shaorail-faisneise\">Oifigeach um Shaor\u00e1il Faisn\u00e9ise<\/a><\/h2>\n\n    <\/div>\n    <div id=\"accordion-udaioo8yeco-collapse-oifigeach-um-shaorail-faisneise\" class=\"collapse\" aria-labelledby=\"heading-oifigeach-um-shaorail-faisneise\" data-parent=\"#accordion-udaioo8yeco\" style=\"\">\n        <div class=\"card-body\">\n            <p>Is f\u00e9idir teagmh\u00e1il a dh\u00e9anamh leis an tOifigeach FOI ag an seoladh agus an uimhir theileaf\u00f3in thuasluaite,&nbsp;n\u00f3 tr\u00ed r\u00edomhphost ag <strong><a href=\"mailto:foi@dppireland.ie\">foi@dppireland.ie<\/a><\/strong> (<a href=\"https:\/\/www.dppireland.ie\/ga\/compliance\/freedom-of-information\/\">clice\u00e1il anseo le haghaidh faisn\u00e9ise faoin gcaoi a gcuirtear an tAcht um Shaor\u00e1il Faisn\u00e9ise i bhfeidhm in Oifig an Sti\u00farth\u00f3ra Ionch\u00faiseamh Poibl\u00ed<\/a>).<\/p>\n\n        <\/div>\n    <\/div>\n<\/div><div class=\"card\">\n    <div class=\"card-header\" id=\"heading-oifigeach-idirchaidrimh-meain\">\n\n        <h2 class=\"mb-0\"><a class=\"collapsed\" href=\"#accordion-udaioo8yeco-collapse-oifigeach-idirchaidrimh-meain\" data-toggle=\"collapse\" data-target=\"#accordion-udaioo8yeco-collapse-oifigeach-idirchaidrimh-meain\" aria-expanded=\"false\" aria-controls=\"accordion-udaioo8yeco-collapse-oifigeach-idirchaidrimh-meain\">Oifigeach Idirchaidrimh Me\u00e1in<\/a><\/h2>\n\n    <\/div>\n    <div id=\"accordion-udaioo8yeco-collapse-oifigeach-idirchaidrimh-meain\" class=\"collapse\" aria-labelledby=\"heading-oifigeach-idirchaidrimh-meain\" data-parent=\"#accordion-udaioo8yeco\" style=\"\">\n        <div class=\"card-body\">\n            <p>Is f\u00e9idir le daoine dul i dteagmh\u00e1il leis tOifigeach Idirchaidrimh Me\u00e1in tr\u00ed theileaf\u00f3in ag <strong>(01) 858 8500<\/strong>.<\/p>\n\n        <\/div>\n    <\/div>\n<\/div><\/div>[\/vc_column][\/vc_row]<\/p>\n<\/div>","protected":false},"excerpt":{"rendered":"<p>[vc_row][vc_column][vc_column_text]Seoladh: Oifig an Sti\u00farth\u00f3ra Ionch\u00faiseamh Poibl\u00ed B\u00f3thar na hOtharlainne Baile \u00c1tha Cliath 7 D07 FHN8 \u00c9ire Teileaf\u00f3in Lasc-chl\u00e1r:&nbsp; + 353 (0)1 858 8500 Uaireanta Oibre: 09.00 to 17.30 &#8211; Luan &#8211; D\u00e9ardaoin 09.00 to 17.00 &#8211; Aoine &nbsp;[\/vc_column_text][\/vc_column][\/vc_row][vc_row][vc_column][\/vc_column][\/vc_row]<\/p>\n","protected":false},"author":1,"featured_media":0,"parent":0,"menu_order":10,"comment_status":"closed","ping_status":"closed","template":"","meta":{"_acf_changed":false,"om_disable_all_campaigns":false,"_relevanssi_hide_post":"","_relevanssi_hide_content":"","_relevanssi_pin_for_all":"","_relevanssi_pin_keywords":"","_relevanssi_unpin_keywords":"","_relevanssi_related_keywords":"","_relevanssi_related_include_ids":"","_relevanssi_related_exclude_ids":"","_relevanssi_related_no_append":"","_relevanssi_related_not_related":"","_relevanssi_related_posts":"","_relevanssi_noindex_reason":"","_monsterinsights_skip_tracking":false,"_monsterinsights_sitenote_active":false,"_monsterinsights_sitenote_note":"","_monsterinsights_sitenote_category":0,"_uf_show_specific_survey":0,"_uf_disable_surveys":false,"footnotes":""},"class_list":["post-10507","page","type-page","status-publish","hentry"],"acf":[],"yoast_head":"<!-- This site is optimized with the Yoast SEO plugin v27.5 - https:\/\/yoast.com\/product\/yoast-seo-wordpress\/ -->\n<title>D\u00e9an Teagmh\u00e1il Linn - Office of the Director of Public Prosecutions<\/title>\n<meta name=\"description\" content=\"Office of the Director of Public Prosecutions - Providing a prosecution that is independent, fair and effective\" \/>\n<meta name=\"robots\" content=\"index, follow, max-snippet:-1, max-image-preview:large, max-video-preview:-1\" \/>\n<link rel=\"canonical\" href=\"https:\/\/www.dppireland.ie\/ga\/contact-us\/\" \/>\n<meta property=\"og:locale\" content=\"ga_IE\" \/>\n<meta property=\"og:type\" content=\"article\" \/>\n<meta property=\"og:title\" content=\"D\u00e9an Teagmh\u00e1il Linn - Office of the Director of Public Prosecutions\" \/>\n<meta property=\"og:description\" content=\"Office of the Director of Public Prosecutions - Providing a prosecution that is independent, fair and effective\" \/>\n<meta property=\"og:url\" content=\"https:\/\/www.dppireland.ie\/ga\/contact-us\/\" \/>\n<meta property=\"og:site_name\" content=\"Office of the Director of Public Prosecutions\" \/>\n<meta property=\"article:modified_time\" content=\"2022-08-18T15:13:06+00:00\" \/>\n<meta name=\"twitter:card\" content=\"summary_large_image\" \/>\n<meta name=\"twitter:label1\" content=\"Est. reading time\" \/>\n\t<meta name=\"twitter:data1\" content=\"1 minute\" \/>\n<script type=\"application\/ld+json\" class=\"yoast-schema-graph\">{\"@context\":\"https:\\\/\\\/schema.org\",\"@graph\":[{\"@type\":\"WebPage\",\"@id\":\"https:\\\/\\\/www.dppireland.ie\\\/ga\\\/contact-us\\\/\",\"url\":\"https:\\\/\\\/www.dppireland.ie\\\/ga\\\/contact-us\\\/\",\"name\":\"D\u00e9an Teagmh\u00e1il Linn - Office of the Director of Public Prosecutions\",\"isPartOf\":{\"@id\":\"https:\\\/\\\/www.dppireland.ie\\\/#website\"},\"datePublished\":\"2019-01-24T13:50:48+00:00\",\"dateModified\":\"2022-08-18T15:13:06+00:00\",\"description\":\"Office of the Director of Public Prosecutions - Providing a prosecution that is independent, fair and effective\",\"breadcrumb\":{\"@id\":\"https:\\\/\\\/www.dppireland.ie\\\/ga\\\/contact-us\\\/#breadcrumb\"},\"inLanguage\":\"ga-IE\",\"potentialAction\":[{\"@type\":\"ReadAction\",\"target\":[\"https:\\\/\\\/www.dppireland.ie\\\/ga\\\/contact-us\\\/\"]}]},{\"@type\":\"BreadcrumbList\",\"@id\":\"https:\\\/\\\/www.dppireland.ie\\\/ga\\\/contact-us\\\/#breadcrumb\",\"itemListElement\":[{\"@type\":\"ListItem\",\"position\":1,\"name\":\"Home\",\"item\":\"https:\\\/\\\/www.dppireland.ie\\\/ga\\\/\"},{\"@type\":\"ListItem\",\"position\":2,\"name\":\"D\u00e9an Teagmh\u00e1il Linn\"}]},{\"@type\":\"WebSite\",\"@id\":\"https:\\\/\\\/www.dppireland.ie\\\/#website\",\"url\":\"https:\\\/\\\/www.dppireland.ie\\\/\",\"name\":\"Office of the Director of Public Prosecutions\",\"description\":\"Providing a prosecution that is independent, fair and effective\",\"potentialAction\":[{\"@type\":\"SearchAction\",\"target\":{\"@type\":\"EntryPoint\",\"urlTemplate\":\"https:\\\/\\\/www.dppireland.ie\\\/?s={search_term_string}\"},\"query-input\":{\"@type\":\"PropertyValueSpecification\",\"valueRequired\":true,\"valueName\":\"search_term_string\"}}],\"inLanguage\":\"ga-IE\"}]}<\/script>\n<!-- \/ Yoast SEO plugin. -->","yoast_head_json":{"title":"D\u00e9an Teagmh\u00e1il Linn - Office of the Director of Public Prosecutions","description":"Office of the Director of Public Prosecutions - Providing a prosecution that is independent, fair and effective","robots":{"index":"index","follow":"follow","max-snippet":"max-snippet:-1","max-image-preview":"max-image-preview:large","max-video-preview":"max-video-preview:-1"},"canonical":"https:\/\/www.dppireland.ie\/ga\/contact-us\/","og_locale":"ga_IE","og_type":"article","og_title":"D\u00e9an Teagmh\u00e1il Linn - Office of the Director of Public Prosecutions","og_description":"Office of the Director of Public Prosecutions - Providing a prosecution that is independent, fair and effective","og_url":"https:\/\/www.dppireland.ie\/ga\/contact-us\/","og_site_name":"Office of the Director of Public Prosecutions","article_modified_time":"2022-08-18T15:13:06+00:00","twitter_card":"summary_large_image","twitter_misc":{"Est. reading time":"1 minute"},"schema":{"@context":"https:\/\/schema.org","@graph":[{"@type":"WebPage","@id":"https:\/\/www.dppireland.ie\/ga\/contact-us\/","url":"https:\/\/www.dppireland.ie\/ga\/contact-us\/","name":"D\u00e9an Teagmh\u00e1il Linn - Office of the Director of Public Prosecutions","isPartOf":{"@id":"https:\/\/www.dppireland.ie\/#website"},"datePublished":"2019-01-24T13:50:48+00:00","dateModified":"2022-08-18T15:13:06+00:00","description":"Office of the Director of Public Prosecutions - Providing a prosecution that is independent, fair and effective","breadcrumb":{"@id":"https:\/\/www.dppireland.ie\/ga\/contact-us\/#breadcrumb"},"inLanguage":"ga-IE","potentialAction":[{"@type":"ReadAction","target":["https:\/\/www.dppireland.ie\/ga\/contact-us\/"]}]},{"@type":"BreadcrumbList","@id":"https:\/\/www.dppireland.ie\/ga\/contact-us\/#breadcrumb","itemListElement":[{"@type":"ListItem","position":1,"name":"Home","item":"https:\/\/www.dppireland.ie\/ga\/"},{"@type":"ListItem","position":2,"name":"D\u00e9an Teagmh\u00e1il Linn"}]},{"@type":"WebSite","@id":"https:\/\/www.dppireland.ie\/#website","url":"https:\/\/www.dppireland.ie\/","name":"Office of the Director of Public Prosecutions","description":"Providing a prosecution that is independent, fair and effective","potentialAction":[{"@type":"SearchAction","target":{"@type":"EntryPoint","urlTemplate":"https:\/\/www.dppireland.ie\/?s={search_term_string}"},"query-input":{"@type":"PropertyValueSpecification","valueRequired":true,"valueName":"search_term_string"}}],"inLanguage":"ga-IE"}]}},"jetpack_sharing_enabled":true,"_links":{"self":[{"href":"https:\/\/www.dppireland.ie\/ga\/wp-json\/wp\/v2\/pages\/10507","targetHints":{"allow":["GET"]}}],"collection":[{"href":"https:\/\/www.dppireland.ie\/ga\/wp-json\/wp\/v2\/pages"}],"about":[{"href":"https:\/\/www.dppireland.ie\/ga\/wp-json\/wp\/v2\/types\/page"}],"author":[{"embeddable":true,"href":"https:\/\/www.dppireland.ie\/ga\/wp-json\/wp\/v2\/users\/1"}],"replies":[{"embeddable":true,"href":"https:\/\/www.dppireland.ie\/ga\/wp-json\/wp\/v2\/comments?post=10507"}],"version-history":[{"count":1,"href":"https:\/\/www.dppireland.ie\/ga\/wp-json\/wp\/v2\/pages\/10507\/revisions"}],"predecessor-version":[{"id":10904,"href":"https:\/\/www.dppireland.ie\/ga\/wp-json\/wp\/v2\/pages\/10507\/revisions\/10904"}],"wp:attachment":[{"href":"https:\/\/www.dppireland.ie\/ga\/wp-json\/wp\/v2\/media?parent=10507"}],"curies":[{"name":"wp","href":"https:\/\/api.w.org\/{rel}","templated":true}]}}

Déan Teagmháil Linn

<div class="wpb-content-wrapper"><p>[vc_row][vc_column][vc_column_text]<strong>Seoladh:</strong><br />
    Oifig an Stiúrthóra Ionchúiseamh Poiblí<strong><br />
    </strong>Bóthar na hOtharlainne<br />
    Baile Átha Cliath 7<br />
    D07 FHN8<br />
    Éire</p>
<p><strong>Teileafóin Lasc-chlár:&nbsp; </strong>+ 353 (0)1 858 8500</p>
<p><strong>Uaireanta Oibre:</strong><br />
    09.00 to 17.30 &#8211; Luan &#8211; Déardaoin<br />
    09.00 to 17.00 &#8211; Aoine</p>
<p>&nbsp;[/vc_column_text][/vc_column][/vc_row][vc_row][vc_column]<div id="accordion-udaioo8yeco" class="accordion">
    <div class="card">
    <div class="card-header" id="heading-riomhphost">

        <h2 class="mb-0"><a class="collapsed" href="#accordion-udaioo8yeco-collapse-riomhphost" data-toggle="collapse" data-target="#accordion-udaioo8yeco-collapse-riomhphost" aria-expanded="false" aria-controls="accordion-udaioo8yeco-collapse-riomhphost">Ríomhphost</a></h2>

    </div>
    <div id="accordion-udaioo8yeco-collapse-riomhphost" class="collapse" aria-labelledby="heading-riomhphost" data-parent="#accordion-udaioo8yeco" style="">
        <div class="card-body">
            <p>Tabhair ar aird, ar chúiseanna rúndachta, nach féidir le hOifig an Stiúrthóra Ionchúiseamh Poiblí glacadh le comhfhreagracht a bhaineann le comhaid ionchúisimh choiriúil a sheoltar le ríomhphost. Ba chóir aon chomhfhreagras a bhaineann le comhaid ionchúisimh choiriúil a bheith i scríbhinn agus a chur ar aghaidh leis an bpost chuig Bóthar na hOtharlainne mar a thuairiscítear thuas.</p>
<p>Is féidir fiosruithe de chineál ginearálta a chur le ríomhphost chuig: <strong><a href="mailto:dpp@dppireland.ie">dpp@dppireland.ie</a></strong></p>
<p>Is féidir fiosruithe as Gaeilge a chur le ríomhphost chuig: <strong><a href="mailto:gaeilge@dppireland.ie">gaeilge@dppireland.ie</a></strong></p>

        </div>
    </div>
</div><div class="card">
    <div class="card-header" id="heading-oifigeach-um-shaorail-faisneise">

        <h2 class="mb-0"><a class="collapsed" href="#accordion-udaioo8yeco-collapse-oifigeach-um-shaorail-faisneise" data-toggle="collapse" data-target="#accordion-udaioo8yeco-collapse-oifigeach-um-shaorail-faisneise" aria-expanded="false" aria-controls="accordion-udaioo8yeco-collapse-oifigeach-um-shaorail-faisneise">Oifigeach um Shaoráil Faisnéise</a></h2>

    </div>
    <div id="accordion-udaioo8yeco-collapse-oifigeach-um-shaorail-faisneise" class="collapse" aria-labelledby="heading-oifigeach-um-shaorail-faisneise" data-parent="#accordion-udaioo8yeco" style="">
        <div class="card-body">
            <p>Is féidir teagmháil a dhéanamh leis an tOifigeach FOI ag an seoladh agus an uimhir theileafóin thuasluaite,&nbsp;nó trí ríomhphost ag <strong><a href="mailto:foi@dppireland.ie">foi@dppireland.ie</a></strong> (<a href="https://www.dppireland.ie/ga/compliance/freedom-of-information/">cliceáil anseo le haghaidh faisnéise faoin gcaoi a gcuirtear an tAcht um Shaoráil Faisnéise i bhfeidhm in Oifig an Stiúrthóra Ionchúiseamh Poiblí</a>).</p>

        </div>
    </div>
</div><div class="card">
    <div class="card-header" id="heading-oifigeach-idirchaidrimh-meain">

        <h2 class="mb-0"><a class="collapsed" href="#accordion-udaioo8yeco-collapse-oifigeach-idirchaidrimh-meain" data-toggle="collapse" data-target="#accordion-udaioo8yeco-collapse-oifigeach-idirchaidrimh-meain" aria-expanded="false" aria-controls="accordion-udaioo8yeco-collapse-oifigeach-idirchaidrimh-meain">Oifigeach Idirchaidrimh Meáin</a></h2>

    </div>
    <div id="accordion-udaioo8yeco-collapse-oifigeach-idirchaidrimh-meain" class="collapse" aria-labelledby="heading-oifigeach-idirchaidrimh-meain" data-parent="#accordion-udaioo8yeco" style="">
        <div class="card-body">
            <p>Is féidir le daoine dul i dteagmháil leis tOifigeach Idirchaidrimh Meáin trí theileafóin ag <strong>(01) 858 8500</strong>.</p>

        </div>
    </div>
</div></div>[/vc_column][/vc_row]</p>
</div>

<p>[vc_row][vc_column][vc_column_text]Seoladh: Oifig an Stiúrthóra Ionchúiseamh Poiblí Bóthar na hOtharlainne Baile Átha Cliath 7 D07 FHN8 Éire Teileafóin Lasc-chlár:&nbsp; + 353 (0)1 858 8500 Uaireanta Oibre: 09.00 to 17.30 &#8211; Luan &#8211; Déardaoin 09.00 to 17.00 &#8211; Aoine &nbsp;[/vc_column_text][/vc_column][/vc_row][vc_row][vc_column][/vc_column][/vc_row]</p>

<!-- This site is optimized with the Yoast SEO plugin v27.5 - https://yoast.com/product/yoast-seo-wordpress/ -->
<title>Déan Teagmháil Linn - Office of the Director of Public Prosecutions</title>
<meta name="description" content="Office of the Director of Public Prosecutions - Providing a prosecution that is independent, fair and effective" />
<meta name="robots" content="index, follow, max-snippet:-1, max-image-preview:large, max-video-preview:-1" />
<link rel="canonical" href="https://www.dppireland.ie/ga/contact-us/" />
<meta property="og:locale" content="ga_IE" />
<meta property="og:type" content="article" />
<meta property="og:title" content="Déan Teagmháil Linn - Office of the Director of Public Prosecutions" />
<meta property="og:description" content="Office of the Director of Public Prosecutions - Providing a prosecution that is independent, fair and effective" />
<meta property="og:url" content="https://www.dppireland.ie/ga/contact-us/" />
<meta property="og:site_name" content="Office of the Director of Public Prosecutions" />
<meta property="article:modified_time" content="2022-08-18T15:13:06+00:00" />
<meta name="twitter:card" content="summary_large_image" />
<meta name="twitter:label1" content="Est. reading time" />
	<meta name="twitter:data1" content="1 minute" />
<script type="application/ld+json" class="yoast-schema-graph">{"@context":"https:\/\/schema.org","@graph":[{"@type":"WebPage","@id":"https:\/\/www.dppireland.ie\/ga\/contact-us\/","url":"https:\/\/www.dppireland.ie\/ga\/contact-us\/","name":"Déan Teagmháil Linn - Office of the Director of Public Prosecutions","isPartOf":{"@id":"https:\/\/www.dppireland.ie\/#website"},"datePublished":"2019-01-24T13:50:48+00:00","dateModified":"2022-08-18T15:13:06+00:00","description":"Office of the Director of Public Prosecutions - Providing a prosecution that is independent, fair and effective","breadcrumb":{"@id":"https:\/\/www.dppireland.ie\/ga\/contact-us\/#breadcrumb"},"inLanguage":"ga-IE","potentialAction":[{"@type":"ReadAction","target":["https:\/\/www.dppireland.ie\/ga\/contact-us\/"]}]},{"@type":"BreadcrumbList","@id":"https:\/\/www.dppireland.ie\/ga\/contact-us\/#breadcrumb","itemListElement":[{"@type":"ListItem","position":1,"name":"Home","item":"https:\/\/www.dppireland.ie\/ga\/"},{"@type":"ListItem","position":2,"name":"Déan Teagmháil Linn"}]},{"@type":"WebSite","@id":"https:\/\/www.dppireland.ie\/#website","url":"https:\/\/www.dppireland.ie\/","name":"Office of the Director of Public Prosecutions","description":"Providing a prosecution that is independent, fair and effective","potentialAction":[{"@type":"SearchAction","target":{"@type":"EntryPoint","urlTemplate":"https:\/\/www.dppireland.ie\/?s={search_term_string}"},"query-input":{"@type":"PropertyValueSpecification","valueRequired":true,"valueName":"search_term_string"}}],"inLanguage":"ga-IE"}]}</script>
<!-- / Yoast SEO plugin. -->

Déan Teagmháil Linn - Office of the Director of Public Prosecutions
