{"id":10462,"date":"2019-01-24T16:01:52","date_gmt":"2019-01-24T16:01:52","guid":{"rendered":"https:\/\/www.dppireland.ie\/accessibility\/"},"modified":"2026-03-19T14:47:18","modified_gmt":"2026-03-19T14:47:18","slug":"accessibility","status":"publish","type":"page","link":"https:\/\/www.dppireland.ie\/ga\/compliance\/accessibility\/","title":{"rendered":"Inrochtaineacht"},"content":{"rendered":"<div class=\"wpb-content-wrapper\"><p>[vc_row][vc_column][vc_column_text css=&#8221;&#8221;]Aithn\u00edonn Oifig an Sti\u00farth\u00f3ra Ionch\u00faiseamh Poibl\u00ed a th\u00e1bhachta\u00ed at\u00e1 s\u00e9 a chinnti\u00fa go bhfuil \u00e1r su\u00edomh Gr\u00e9as\u00e1in inrochtana don phobal is leithne agus is f\u00e9idir, lena n-\u00e1ir\u00edtear daoine scothaosta agus daoine faoi mh\u00edchumas a bhfuil teicneola\u00edocht ch\u00fanta in \u00fas\u00e1id acu.\u00a0 Dearadh \u00e1r su\u00edomh Gr\u00e9as\u00e1in chun go mbainfeadh s\u00e9 leibh\u00e9al comhr\u00e9ireachta Dh\u00e1 A ar a laghad amach, de r\u00e9ir na <a href=\"https:\/\/www.w3.org\/TR\/WCAG21\/\"><strong>dTreoirl\u00ednte maidir le hInrochtaineacht \u00c1bhair ar an nGr\u00e9as\u00e1n<\/strong><\/a> \u00f3n Tionscnamh Inrochtaineachta Gr\u00e9as\u00e1in.<\/p>\n<h2>M\u00e9id an T\u00e9acs a Athr\u00fa<\/h2>\n<p>Is coibhneasta at\u00e1 m\u00e9id an t\u00e9acs ar \u00e1r su\u00edomh Gr\u00e9as\u00e1in.\u00a0 M\u00e1 mh\u00e9ada\u00edonn\/laghda\u00edonn t\u00fa an z\u00fam\u00e1il n\u00f3 an cl\u00f3 ar an leathanach, athr\u00f3idh an t-\u00e1bhar ar an su\u00edomh Gr\u00e9as\u00e1in ag an am c\u00e9anna.<\/p>\n<h2>\u00c1iseanna Nasclean\u00fana<\/h2>\n<ul>\n<li>T\u00e1 nasc <strong>mionrianaithe<\/strong> ar f\u00e1il ag barr gach leathanaigh chun cabhr\u00fa leat an su\u00edomh a nasclean\u00faint<\/li>\n<li>Is f\u00e9idir leat \u00fas\u00e1id a bhaint as an eochair <strong>T\u00e1b<\/strong> ar do mh\u00e9archl\u00e1r chun aistri\u00fa \u00f3 nasc amh\u00e1in chuig an gc\u00e9ad cheann eile<\/li>\n<li>Is f\u00e9idir leat \u00fas\u00e1id a bhaint as an nasc <strong>Scipe\u00e1il Nasclean\u00faint<\/strong> i gceannt\u00e1sc an tsu\u00edmh chun an nasclean\u00faint a scipe\u00e1il agus chun dul go d\u00edreach chuig an bpr\u00edomh\u00e1bhar ar gach leathanach<\/li>\n<\/ul>\n<h2>\u00cdomh\u00e1nna<\/h2>\n<p>T\u00e1 tr\u00e9ithe tuairisci\u00fala (ALT) ar \u00e1ireamh i ngach \u00e1bhar agus i ngach \u00e1bhar maisi\u00fail ar an su\u00edomh seo. Sol\u00e1thra\u00edtear teidil ALT anseo chun m\u00edni\u00fa a thabhairt ar an \u00e1bhar n\u00f3 ar chusp\u00f3ir na h\u00edomh\u00e1 at\u00e1 i gceist.<\/p>\n<h2>Dathanna<\/h2>\n<p>T\u00e1 na dathanna a \u00fas\u00e1idtear ar an su\u00edomh Gr\u00e9as\u00e1in seo bunaithe ar na Treoirl\u00ednte maidir le hInrochtaineacht \u00c1bhair ar an nGr\u00e9as\u00e1n.<\/p>\n<h2>D\u00e9an Teagmh\u00e1il Linn<\/h2>\n<p>M\u00e1 thagann t\u00fa ar aon deacrachta\u00ed le linn duit \u00e1r su\u00edomh Gr\u00e9as\u00e1in a \u00fas\u00e1id, is f\u00e9idir leat r\u00edomhphost a sheoladh chuig <a href=\"mailto:accessofficer@dppireland.ie\">accessofficer@dppireland.ie<\/a>. Cabhr\u00f3idh aon aiseolas a gheobhaimid linn feabhsuithe a dh\u00e9anamh ar \u00e1r su\u00edomh.[\/vc_column_text][\/vc_column][\/vc_row]<\/p>\n<\/div>","protected":false},"excerpt":{"rendered":"<p>[vc_row][vc_column][vc_column_text css=&#8221;&#8221;]Aithn\u00edonn Oifig an Sti\u00farth\u00f3ra Ionch\u00faiseamh Poibl\u00ed a th\u00e1bhachta\u00ed at\u00e1 s\u00e9 a chinnti\u00fa go bhfuil \u00e1r su\u00edomh Gr\u00e9as\u00e1in inrochtana don phobal is leithne agus is f\u00e9idir, lena n-\u00e1ir\u00edtear daoine scothaosta agus daoine faoi mh\u00edchumas a bhfuil teicneola\u00edocht ch\u00fanta in \u00fas\u00e1id acu.\u00a0 Dearadh \u00e1r su\u00edomh Gr\u00e9as\u00e1in chun go mbainfeadh s\u00e9 leibh\u00e9al comhr\u00e9ireachta Dh\u00e1 A ar a &hellip; <a href=\"https:\/\/www.dppireland.ie\/ga\/compliance\/accessibility\/\">Continued<\/a><\/p>\n","protected":false},"author":1,"featured_media":0,"parent":10471,"menu_order":2,"comment_status":"closed","ping_status":"closed","template":"","meta":{"_acf_changed":false,"om_disable_all_campaigns":false,"_relevanssi_hide_post":"","_relevanssi_hide_content":"","_relevanssi_pin_for_all":"","_relevanssi_pin_keywords":"","_relevanssi_unpin_keywords":"","_relevanssi_related_keywords":"","_relevanssi_related_include_ids":"","_relevanssi_related_exclude_ids":"","_relevanssi_related_no_append":"","_relevanssi_related_not_related":"","_relevanssi_related_posts":"","_relevanssi_noindex_reason":"","_monsterinsights_skip_tracking":false,"_monsterinsights_sitenote_active":false,"_monsterinsights_sitenote_note":"","_monsterinsights_sitenote_category":0,"_uf_show_specific_survey":0,"_uf_disable_surveys":false,"footnotes":""},"class_list":["post-10462","page","type-page","status-publish","hentry"],"acf":[],"yoast_head":"<!-- This site is optimized with the Yoast SEO plugin v27.4 - https:\/\/yoast.com\/product\/yoast-seo-wordpress\/ -->\n<title>Inrochtaineacht - Office of the Director of Public Prosecutions<\/title>\n<meta name=\"description\" content=\"Office of the Director of Public Prosecutions - Providing a prosecution that is independent, fair and effective\" \/>\n<meta name=\"robots\" content=\"index, follow, max-snippet:-1, max-image-preview:large, max-video-preview:-1\" \/>\n<link rel=\"canonical\" href=\"https:\/\/www.dppireland.ie\/ga\/compliance\/accessibility\/\" \/>\n<meta property=\"og:locale\" content=\"ga_IE\" \/>\n<meta property=\"og:type\" content=\"article\" \/>\n<meta property=\"og:title\" content=\"Inrochtaineacht - Office of the Director of Public Prosecutions\" \/>\n<meta property=\"og:description\" content=\"Office of the Director of Public Prosecutions - Providing a prosecution that is independent, fair and effective\" \/>\n<meta property=\"og:url\" content=\"https:\/\/www.dppireland.ie\/ga\/compliance\/accessibility\/\" \/>\n<meta property=\"og:site_name\" content=\"Office of the Director of Public Prosecutions\" \/>\n<meta property=\"article:modified_time\" content=\"2026-03-19T14:47:18+00:00\" \/>\n<meta name=\"twitter:card\" content=\"summary_large_image\" \/>\n<meta name=\"twitter:label1\" content=\"Est. reading time\" \/>\n\t<meta name=\"twitter:data1\" content=\"2 minutes\" \/>\n<script type=\"application\/ld+json\" class=\"yoast-schema-graph\">{\"@context\":\"https:\\\/\\\/schema.org\",\"@graph\":[{\"@type\":\"WebPage\",\"@id\":\"https:\\\/\\\/www.dppireland.ie\\\/ga\\\/compliance\\\/accessibility\\\/\",\"url\":\"https:\\\/\\\/www.dppireland.ie\\\/ga\\\/compliance\\\/accessibility\\\/\",\"name\":\"Inrochtaineacht - Office of the Director of Public Prosecutions\",\"isPartOf\":{\"@id\":\"https:\\\/\\\/www.dppireland.ie\\\/#website\"},\"datePublished\":\"2019-01-24T16:01:52+00:00\",\"dateModified\":\"2026-03-19T14:47:18+00:00\",\"description\":\"Office of the Director of Public Prosecutions - Providing a prosecution that is independent, fair and effective\",\"breadcrumb\":{\"@id\":\"https:\\\/\\\/www.dppireland.ie\\\/ga\\\/compliance\\\/accessibility\\\/#breadcrumb\"},\"inLanguage\":\"ga-IE\",\"potentialAction\":[{\"@type\":\"ReadAction\",\"target\":[\"https:\\\/\\\/www.dppireland.ie\\\/ga\\\/compliance\\\/accessibility\\\/\"]}]},{\"@type\":\"BreadcrumbList\",\"@id\":\"https:\\\/\\\/www.dppireland.ie\\\/ga\\\/compliance\\\/accessibility\\\/#breadcrumb\",\"itemListElement\":[{\"@type\":\"ListItem\",\"position\":1,\"name\":\"Home\",\"item\":\"https:\\\/\\\/www.dppireland.ie\\\/ga\\\/\"},{\"@type\":\"ListItem\",\"position\":2,\"name\":\"Comhlionadh\",\"item\":\"https:\\\/\\\/www.dppireland.ie\\\/ga\\\/compliance\\\/\"},{\"@type\":\"ListItem\",\"position\":3,\"name\":\"Inrochtaineacht\"}]},{\"@type\":\"WebSite\",\"@id\":\"https:\\\/\\\/www.dppireland.ie\\\/#website\",\"url\":\"https:\\\/\\\/www.dppireland.ie\\\/\",\"name\":\"Office of the Director of Public Prosecutions\",\"description\":\"Providing a prosecution that is independent, fair and effective\",\"potentialAction\":[{\"@type\":\"SearchAction\",\"target\":{\"@type\":\"EntryPoint\",\"urlTemplate\":\"https:\\\/\\\/www.dppireland.ie\\\/?s={search_term_string}\"},\"query-input\":{\"@type\":\"PropertyValueSpecification\",\"valueRequired\":true,\"valueName\":\"search_term_string\"}}],\"inLanguage\":\"ga-IE\"}]}<\/script>\n<!-- \/ Yoast SEO plugin. -->","yoast_head_json":{"title":"Inrochtaineacht - Office of the Director of Public Prosecutions","description":"Office of the Director of Public Prosecutions - Providing a prosecution that is independent, fair and effective","robots":{"index":"index","follow":"follow","max-snippet":"max-snippet:-1","max-image-preview":"max-image-preview:large","max-video-preview":"max-video-preview:-1"},"canonical":"https:\/\/www.dppireland.ie\/ga\/compliance\/accessibility\/","og_locale":"ga_IE","og_type":"article","og_title":"Inrochtaineacht - Office of the Director of Public Prosecutions","og_description":"Office of the Director of Public Prosecutions - Providing a prosecution that is independent, fair and effective","og_url":"https:\/\/www.dppireland.ie\/ga\/compliance\/accessibility\/","og_site_name":"Office of the Director of Public Prosecutions","article_modified_time":"2026-03-19T14:47:18+00:00","twitter_card":"summary_large_image","twitter_misc":{"Est. reading time":"2 minutes"},"schema":{"@context":"https:\/\/schema.org","@graph":[{"@type":"WebPage","@id":"https:\/\/www.dppireland.ie\/ga\/compliance\/accessibility\/","url":"https:\/\/www.dppireland.ie\/ga\/compliance\/accessibility\/","name":"Inrochtaineacht - Office of the Director of Public Prosecutions","isPartOf":{"@id":"https:\/\/www.dppireland.ie\/#website"},"datePublished":"2019-01-24T16:01:52+00:00","dateModified":"2026-03-19T14:47:18+00:00","description":"Office of the Director of Public Prosecutions - Providing a prosecution that is independent, fair and effective","breadcrumb":{"@id":"https:\/\/www.dppireland.ie\/ga\/compliance\/accessibility\/#breadcrumb"},"inLanguage":"ga-IE","potentialAction":[{"@type":"ReadAction","target":["https:\/\/www.dppireland.ie\/ga\/compliance\/accessibility\/"]}]},{"@type":"BreadcrumbList","@id":"https:\/\/www.dppireland.ie\/ga\/compliance\/accessibility\/#breadcrumb","itemListElement":[{"@type":"ListItem","position":1,"name":"Home","item":"https:\/\/www.dppireland.ie\/ga\/"},{"@type":"ListItem","position":2,"name":"Comhlionadh","item":"https:\/\/www.dppireland.ie\/ga\/compliance\/"},{"@type":"ListItem","position":3,"name":"Inrochtaineacht"}]},{"@type":"WebSite","@id":"https:\/\/www.dppireland.ie\/#website","url":"https:\/\/www.dppireland.ie\/","name":"Office of the Director of Public Prosecutions","description":"Providing a prosecution that is independent, fair and effective","potentialAction":[{"@type":"SearchAction","target":{"@type":"EntryPoint","urlTemplate":"https:\/\/www.dppireland.ie\/?s={search_term_string}"},"query-input":{"@type":"PropertyValueSpecification","valueRequired":true,"valueName":"search_term_string"}}],"inLanguage":"ga-IE"}]}},"jetpack_sharing_enabled":true,"_links":{"self":[{"href":"https:\/\/www.dppireland.ie\/ga\/wp-json\/wp\/v2\/pages\/10462","targetHints":{"allow":["GET"]}}],"collection":[{"href":"https:\/\/www.dppireland.ie\/ga\/wp-json\/wp\/v2\/pages"}],"about":[{"href":"https:\/\/www.dppireland.ie\/ga\/wp-json\/wp\/v2\/types\/page"}],"author":[{"embeddable":true,"href":"https:\/\/www.dppireland.ie\/ga\/wp-json\/wp\/v2\/users\/1"}],"replies":[{"embeddable":true,"href":"https:\/\/www.dppireland.ie\/ga\/wp-json\/wp\/v2\/comments?post=10462"}],"version-history":[{"count":2,"href":"https:\/\/www.dppireland.ie\/ga\/wp-json\/wp\/v2\/pages\/10462\/revisions"}],"predecessor-version":[{"id":28403,"href":"https:\/\/www.dppireland.ie\/ga\/wp-json\/wp\/v2\/pages\/10462\/revisions\/28403"}],"up":[{"embeddable":true,"href":"https:\/\/www.dppireland.ie\/ga\/wp-json\/wp\/v2\/pages\/10471"}],"wp:attachment":[{"href":"https:\/\/www.dppireland.ie\/ga\/wp-json\/wp\/v2\/media?parent=10462"}],"curies":[{"name":"wp","href":"https:\/\/api.w.org\/{rel}","templated":true}]}}

<div class="wpb-content-wrapper"><p>[vc_row][vc_column][vc_column_text css=&#8221;&#8221;]Aithníonn Oifig an Stiúrthóra Ionchúiseamh Poiblí a thábhachtaí atá sé a chinntiú go bhfuil ár suíomh Gréasáin inrochtana don phobal is leithne agus is féidir, lena n-áirítear daoine scothaosta agus daoine faoi mhíchumas a bhfuil teicneolaíocht chúnta in úsáid acu.  Dearadh ár suíomh Gréasáin chun go mbainfeadh sé leibhéal comhréireachta Dhá A ar a laghad amach, de réir na <a href="https://www.w3.org/TR/WCAG21/"><strong>dTreoirlínte maidir le hInrochtaineacht Ábhair ar an nGréasán</strong></a> ón Tionscnamh Inrochtaineachta Gréasáin.</p>
<h2>Méid an Téacs a Athrú</h2>
<p>Is coibhneasta atá méid an téacs ar ár suíomh Gréasáin.  Má mhéadaíonn/laghdaíonn tú an zúmáil nó an cló ar an leathanach, athróidh an t-ábhar ar an suíomh Gréasáin ag an am céanna.</p>
<h2>Áiseanna Nascleanúna</h2>
<ul>
<li>Tá nasc <strong>mionrianaithe</strong> ar fáil ag barr gach leathanaigh chun cabhrú leat an suíomh a nascleanúint</li>
<li>Is féidir leat úsáid a bhaint as an eochair <strong>Táb</strong> ar do mhéarchlár chun aistriú ó nasc amháin chuig an gcéad cheann eile</li>
<li>Is féidir leat úsáid a bhaint as an nasc <strong>Scipeáil Nascleanúint</strong> i gceanntásc an tsuímh chun an nascleanúint a scipeáil agus chun dul go díreach chuig an bpríomhábhar ar gach leathanach</li>
</ul>
<h2>Íomhánna</h2>
<p>Tá tréithe tuairisciúla (ALT) ar áireamh i ngach ábhar agus i ngach ábhar maisiúil ar an suíomh seo. Soláthraítear teidil ALT anseo chun míniú a thabhairt ar an ábhar nó ar chuspóir na híomhá atá i gceist.</p>
<h2>Dathanna</h2>
<p>Tá na dathanna a úsáidtear ar an suíomh Gréasáin seo bunaithe ar na Treoirlínte maidir le hInrochtaineacht Ábhair ar an nGréasán.</p>
<h2>Déan Teagmháil Linn</h2>
<p>Má thagann tú ar aon deacrachtaí le linn duit ár suíomh Gréasáin a úsáid, is féidir leat ríomhphost a sheoladh chuig <a href="mailto:accessofficer@dppireland.ie">accessofficer@dppireland.ie</a>. Cabhróidh aon aiseolas a gheobhaimid linn feabhsuithe a dhéanamh ar ár suíomh.[/vc_column_text][/vc_column][/vc_row]</p>
</div>

<p>[vc_row][vc_column][vc_column_text css=&#8221;&#8221;]Aithníonn Oifig an Stiúrthóra Ionchúiseamh Poiblí a thábhachtaí atá sé a chinntiú go bhfuil ár suíomh Gréasáin inrochtana don phobal is leithne agus is féidir, lena n-áirítear daoine scothaosta agus daoine faoi mhíchumas a bhfuil teicneolaíocht chúnta in úsáid acu.  Dearadh ár suíomh Gréasáin chun go mbainfeadh sé leibhéal comhréireachta Dhá A ar a &hellip; <a href="https://www.dppireland.ie/ga/compliance/accessibility/">Continued</a></p>
