{"id":10454,"date":"2019-03-05T15:50:06","date_gmt":"2019-03-05T15:50:06","guid":{"rendered":"https:\/\/www.dppireland.ie\/prosecution-panel\/"},"modified":"2022-08-18T16:06:05","modified_gmt":"2022-08-18T15:06:05","slug":"prosecution-panel","status":"publish","type":"page","link":"https:\/\/www.dppireland.ie\/ga\/working-with-us\/prosecution-panel\/","title":{"rendered":"Pain\u00e9al Ionch\u00faisimh"},"content":{"rendered":"<div class=\"wpb-content-wrapper\"><p>[vc_row][vc_column][vc_column_text]Is abhc\u00f3id\u00ed neamhsple\u00e1cha a bh\u00edonn ag cleachtadh ag an mBarra agus a fhosta\u00edtear le hionada\u00edocht a dh\u00e9anamh ar Sti\u00farth\u00f3ir na nIonch\u00faiseamh Poibl\u00ed ar bhonn c\u00e1s ar ch\u00e1s a l\u00e1imhse\u00e1lann trialacha ar d\u00edot\u00e1il.&nbsp; D\u00e9anann abhc\u00f3id\u00ed ionch\u00faiseamh de r\u00e9ir treoracha agus clo\u00edfidh siad le <em>Treoirl\u00ednte d\u2019Ionch\u00faisitheoir\u00ed<\/em>.&nbsp;Is faoin Sti\u00farth\u00f3ir at\u00e1 s\u00e9, faoi r\u00e9ir fheidhm\u00edocht sh\u00e1s\u00fail thar a ceann de r\u00e9ir mar a chinnfidh an Sti\u00farth\u00f3ir, abhc\u00f3id\u00ed a choinne\u00e1il ar aon phain\u00e9al.<\/p>\n<p>De ghn\u00e1th, b\u00edtear ag s\u00fail go mbeidh ar a laghad ceithre bliana taith\u00ed ag abhc\u00f3id\u00ed ar Bharra na h\u00c9ireann, n\u00f3 taith\u00ed chomhionann \u00e1bhartha le go mbreithneofa\u00ed iad i gcomhair oibre i ngach ceann de na r\u00e9ims\u00ed seo, ach amh\u00e1in Banna\u00ed Ard-Ch\u00fairte (tr\u00ed bliana).<\/p>\n<p>Faoi l\u00e1thair t\u00e1 pain\u00e9il abhc\u00f3id\u00ed ag an Sti\u00farth\u00f3ir i nd\u00e1il leis an obair seo a leanas:<\/p>\n<ul>\n<li>Ionch\u00faisimh ar d\u00edot\u00e1il i mBaile \u00c1tha Cliath<\/li>\n<li>Athbhreithni\u00fa Breithi\u00fanach<\/li>\n<li>Habeas Corpus<\/li>\n<li>Banna\u00ed Ard-Ch\u00fairte<\/li>\n<li>Coigisti\u00fa S\u00f3cmhainn\u00ed<\/li>\n<li>Ionch\u00faisimh faoin Reachta\u00edocht um Sl\u00e1inte agus S\u00e1bh\u00e1ilteachta ag an Obair<\/li>\n<li>Ionch\u00faisimh maidir le hIascaigh Mhara<\/li>\n<li>Ionch\u00faisimh ar d\u00edot\u00e1il lasmuigh de Bhaile \u00c1tha Cliath (an Ch\u00fairt Chuarda)<\/li>\n<\/ul>\n<p>Lorga\u00edonn an Sti\u00farth\u00f3ir l\u00e9irithe sp\u00e9ise \u00f3 am go ham \u00f3 abhc\u00f3id\u00ed ar mian leo go mbreithneofa\u00ed iad le cur ar phain\u00e9il \u00e9ags\u00fala abhc\u00f3id\u00ed.<br \/>\n[\/vc_column_text][\/vc_column][\/vc_row]<\/p>\n<\/div>","protected":false},"excerpt":{"rendered":"<p>[vc_row][vc_column][vc_column_text]Is abhc\u00f3id\u00ed neamhsple\u00e1cha a bh\u00edonn ag cleachtadh ag an mBarra agus a fhosta\u00edtear le hionada\u00edocht a dh\u00e9anamh ar Sti\u00farth\u00f3ir na nIonch\u00faiseamh Poibl\u00ed ar bhonn c\u00e1s ar ch\u00e1s a l\u00e1imhse\u00e1lann trialacha ar d\u00edot\u00e1il.&nbsp; D\u00e9anann abhc\u00f3id\u00ed ionch\u00faiseamh de r\u00e9ir treoracha agus clo\u00edfidh siad le Treoirl\u00ednte d\u2019Ionch\u00faisitheoir\u00ed.&nbsp;Is faoin Sti\u00farth\u00f3ir at\u00e1 s\u00e9, faoi r\u00e9ir fheidhm\u00edocht sh\u00e1s\u00fail thar a ceann &hellip; <a href=\"https:\/\/www.dppireland.ie\/ga\/working-with-us\/prosecution-panel\/\">Continued<\/a><\/p>\n","protected":false},"author":1,"featured_media":0,"parent":10502,"menu_order":2,"comment_status":"closed","ping_status":"closed","template":"","meta":{"_acf_changed":false,"om_disable_all_campaigns":false,"_relevanssi_hide_post":"","_relevanssi_hide_content":"","_relevanssi_pin_for_all":"","_relevanssi_pin_keywords":"","_relevanssi_unpin_keywords":"","_relevanssi_related_keywords":"","_relevanssi_related_include_ids":"","_relevanssi_related_exclude_ids":"","_relevanssi_related_no_append":"","_relevanssi_related_not_related":"","_relevanssi_related_posts":"","_relevanssi_noindex_reason":"","_monsterinsights_skip_tracking":false,"_monsterinsights_sitenote_active":false,"_monsterinsights_sitenote_note":"","_monsterinsights_sitenote_category":0,"_uf_show_specific_survey":0,"_uf_disable_surveys":false,"footnotes":""},"class_list":["post-10454","page","type-page","status-publish","hentry"],"acf":[],"yoast_head":"<!-- This site is optimized with the Yoast SEO plugin v27.4 - https:\/\/yoast.com\/product\/yoast-seo-wordpress\/ -->\n<title>Pain\u00e9al Ionch\u00faisimh - Office of the Director of Public Prosecutions<\/title>\n<meta name=\"description\" content=\"Office of the Director of Public Prosecutions - Providing a prosecution that is independent, fair and effective\" \/>\n<meta name=\"robots\" content=\"index, follow, max-snippet:-1, max-image-preview:large, max-video-preview:-1\" \/>\n<link rel=\"canonical\" href=\"https:\/\/www.dppireland.ie\/ga\/working-with-us\/prosecution-panel\/\" \/>\n<meta property=\"og:locale\" content=\"ga_IE\" \/>\n<meta property=\"og:type\" content=\"article\" \/>\n<meta property=\"og:title\" content=\"Pain\u00e9al Ionch\u00faisimh - Office of the Director of Public Prosecutions\" \/>\n<meta property=\"og:description\" content=\"Office of the Director of Public Prosecutions - Providing a prosecution that is independent, fair and effective\" \/>\n<meta property=\"og:url\" content=\"https:\/\/www.dppireland.ie\/ga\/working-with-us\/prosecution-panel\/\" \/>\n<meta property=\"og:site_name\" content=\"Office of the Director of Public Prosecutions\" \/>\n<meta property=\"article:modified_time\" content=\"2022-08-18T15:06:05+00:00\" \/>\n<meta name=\"twitter:card\" content=\"summary_large_image\" \/>\n<meta name=\"twitter:label1\" content=\"Est. reading time\" \/>\n\t<meta name=\"twitter:data1\" content=\"1 minute\" \/>\n<script type=\"application\/ld+json\" class=\"yoast-schema-graph\">{\"@context\":\"https:\\\/\\\/schema.org\",\"@graph\":[{\"@type\":\"WebPage\",\"@id\":\"https:\\\/\\\/www.dppireland.ie\\\/ga\\\/working-with-us\\\/prosecution-panel\\\/\",\"url\":\"https:\\\/\\\/www.dppireland.ie\\\/ga\\\/working-with-us\\\/prosecution-panel\\\/\",\"name\":\"Pain\u00e9al Ionch\u00faisimh - Office of the Director of Public Prosecutions\",\"isPartOf\":{\"@id\":\"https:\\\/\\\/www.dppireland.ie\\\/#website\"},\"datePublished\":\"2019-03-05T15:50:06+00:00\",\"dateModified\":\"2022-08-18T15:06:05+00:00\",\"description\":\"Office of the Director of Public Prosecutions - Providing a prosecution that is independent, fair and effective\",\"breadcrumb\":{\"@id\":\"https:\\\/\\\/www.dppireland.ie\\\/ga\\\/working-with-us\\\/prosecution-panel\\\/#breadcrumb\"},\"inLanguage\":\"ga-IE\",\"potentialAction\":[{\"@type\":\"ReadAction\",\"target\":[\"https:\\\/\\\/www.dppireland.ie\\\/ga\\\/working-with-us\\\/prosecution-panel\\\/\"]}]},{\"@type\":\"BreadcrumbList\",\"@id\":\"https:\\\/\\\/www.dppireland.ie\\\/ga\\\/working-with-us\\\/prosecution-panel\\\/#breadcrumb\",\"itemListElement\":[{\"@type\":\"ListItem\",\"position\":1,\"name\":\"Home\",\"item\":\"https:\\\/\\\/www.dppireland.ie\\\/ga\\\/\"},{\"@type\":\"ListItem\",\"position\":2,\"name\":\"Sl\u00ed bheatha linn\",\"item\":\"https:\\\/\\\/www.dppireland.ie\\\/ga\\\/working-with-us\\\/\"},{\"@type\":\"ListItem\",\"position\":3,\"name\":\"Pain\u00e9al Ionch\u00faisimh\"}]},{\"@type\":\"WebSite\",\"@id\":\"https:\\\/\\\/www.dppireland.ie\\\/#website\",\"url\":\"https:\\\/\\\/www.dppireland.ie\\\/\",\"name\":\"Office of the Director of Public Prosecutions\",\"description\":\"Providing a prosecution that is independent, fair and effective\",\"potentialAction\":[{\"@type\":\"SearchAction\",\"target\":{\"@type\":\"EntryPoint\",\"urlTemplate\":\"https:\\\/\\\/www.dppireland.ie\\\/?s={search_term_string}\"},\"query-input\":{\"@type\":\"PropertyValueSpecification\",\"valueRequired\":true,\"valueName\":\"search_term_string\"}}],\"inLanguage\":\"ga-IE\"}]}<\/script>\n<!-- \/ Yoast SEO plugin. -->","yoast_head_json":{"title":"Pain\u00e9al Ionch\u00faisimh - Office of the Director of Public Prosecutions","description":"Office of the Director of Public Prosecutions - Providing a prosecution that is independent, fair and effective","robots":{"index":"index","follow":"follow","max-snippet":"max-snippet:-1","max-image-preview":"max-image-preview:large","max-video-preview":"max-video-preview:-1"},"canonical":"https:\/\/www.dppireland.ie\/ga\/working-with-us\/prosecution-panel\/","og_locale":"ga_IE","og_type":"article","og_title":"Pain\u00e9al Ionch\u00faisimh - Office of the Director of Public Prosecutions","og_description":"Office of the Director of Public Prosecutions - Providing a prosecution that is independent, fair and effective","og_url":"https:\/\/www.dppireland.ie\/ga\/working-with-us\/prosecution-panel\/","og_site_name":"Office of the Director of Public Prosecutions","article_modified_time":"2022-08-18T15:06:05+00:00","twitter_card":"summary_large_image","twitter_misc":{"Est. reading time":"1 minute"},"schema":{"@context":"https:\/\/schema.org","@graph":[{"@type":"WebPage","@id":"https:\/\/www.dppireland.ie\/ga\/working-with-us\/prosecution-panel\/","url":"https:\/\/www.dppireland.ie\/ga\/working-with-us\/prosecution-panel\/","name":"Pain\u00e9al Ionch\u00faisimh - Office of the Director of Public Prosecutions","isPartOf":{"@id":"https:\/\/www.dppireland.ie\/#website"},"datePublished":"2019-03-05T15:50:06+00:00","dateModified":"2022-08-18T15:06:05+00:00","description":"Office of the Director of Public Prosecutions - Providing a prosecution that is independent, fair and effective","breadcrumb":{"@id":"https:\/\/www.dppireland.ie\/ga\/working-with-us\/prosecution-panel\/#breadcrumb"},"inLanguage":"ga-IE","potentialAction":[{"@type":"ReadAction","target":["https:\/\/www.dppireland.ie\/ga\/working-with-us\/prosecution-panel\/"]}]},{"@type":"BreadcrumbList","@id":"https:\/\/www.dppireland.ie\/ga\/working-with-us\/prosecution-panel\/#breadcrumb","itemListElement":[{"@type":"ListItem","position":1,"name":"Home","item":"https:\/\/www.dppireland.ie\/ga\/"},{"@type":"ListItem","position":2,"name":"Sl\u00ed bheatha linn","item":"https:\/\/www.dppireland.ie\/ga\/working-with-us\/"},{"@type":"ListItem","position":3,"name":"Pain\u00e9al Ionch\u00faisimh"}]},{"@type":"WebSite","@id":"https:\/\/www.dppireland.ie\/#website","url":"https:\/\/www.dppireland.ie\/","name":"Office of the Director of Public Prosecutions","description":"Providing a prosecution that is independent, fair and effective","potentialAction":[{"@type":"SearchAction","target":{"@type":"EntryPoint","urlTemplate":"https:\/\/www.dppireland.ie\/?s={search_term_string}"},"query-input":{"@type":"PropertyValueSpecification","valueRequired":true,"valueName":"search_term_string"}}],"inLanguage":"ga-IE"}]}},"jetpack_sharing_enabled":true,"_links":{"self":[{"href":"https:\/\/www.dppireland.ie\/ga\/wp-json\/wp\/v2\/pages\/10454","targetHints":{"allow":["GET"]}}],"collection":[{"href":"https:\/\/www.dppireland.ie\/ga\/wp-json\/wp\/v2\/pages"}],"about":[{"href":"https:\/\/www.dppireland.ie\/ga\/wp-json\/wp\/v2\/types\/page"}],"author":[{"embeddable":true,"href":"https:\/\/www.dppireland.ie\/ga\/wp-json\/wp\/v2\/users\/1"}],"replies":[{"embeddable":true,"href":"https:\/\/www.dppireland.ie\/ga\/wp-json\/wp\/v2\/comments?post=10454"}],"version-history":[{"count":2,"href":"https:\/\/www.dppireland.ie\/ga\/wp-json\/wp\/v2\/pages\/10454\/revisions"}],"predecessor-version":[{"id":10811,"href":"https:\/\/www.dppireland.ie\/ga\/wp-json\/wp\/v2\/pages\/10454\/revisions\/10811"}],"up":[{"embeddable":true,"href":"https:\/\/www.dppireland.ie\/ga\/wp-json\/wp\/v2\/pages\/10502"}],"wp:attachment":[{"href":"https:\/\/www.dppireland.ie\/ga\/wp-json\/wp\/v2\/media?parent=10454"}],"curies":[{"name":"wp","href":"https:\/\/api.w.org\/{rel}","templated":true}]}}

Painéal Ionchúisimh

<div class="wpb-content-wrapper"><p>[vc_row][vc_column][vc_column_text]Is abhcóidí neamhspleácha a bhíonn ag cleachtadh ag an mBarra agus a fhostaítear le hionadaíocht a dhéanamh ar Stiúrthóir na nIonchúiseamh Poiblí ar bhonn cás ar chás a láimhseálann trialacha ar díotáil.&nbsp; Déanann abhcóidí ionchúiseamh de réir treoracha agus cloífidh siad le <em>Treoirlínte d’Ionchúisitheoirí</em>.&nbsp;Is faoin Stiúrthóir atá sé, faoi réir fheidhmíocht shásúil thar a ceann de réir mar a chinnfidh an Stiúrthóir, abhcóidí a choinneáil ar aon phainéal.</p>
<p>De ghnáth, bítear ag súil go mbeidh ar a laghad ceithre bliana taithí ag abhcóidí ar Bharra na hÉireann, nó taithí chomhionann ábhartha le go mbreithneofaí iad i gcomhair oibre i ngach ceann de na réimsí seo, ach amháin Bannaí Ard-Chúirte (trí bliana).</p>
<p>Faoi láthair tá painéil abhcóidí ag an Stiúrthóir i ndáil leis an obair seo a leanas:</p>
<ul>
<li>Ionchúisimh ar díotáil i mBaile Átha Cliath</li>
<li>Athbhreithniú Breithiúnach</li>
<li>Habeas Corpus</li>
<li>Bannaí Ard-Chúirte</li>
<li>Coigistiú Sócmhainní</li>
<li>Ionchúisimh faoin Reachtaíocht um Sláinte agus Sábháilteachta ag an Obair</li>
<li>Ionchúisimh maidir le hIascaigh Mhara</li>
<li>Ionchúisimh ar díotáil lasmuigh de Bhaile Átha Cliath (an Chúirt Chuarda)</li>
</ul>
<p>Lorgaíonn an Stiúrthóir léirithe spéise ó am go ham ó abhcóidí ar mian leo go mbreithneofaí iad le cur ar phainéil éagsúla abhcóidí.<br />
[/vc_column_text][/vc_column][/vc_row]</p>
</div>

<p>[vc_row][vc_column][vc_column_text]Is abhcóidí neamhspleácha a bhíonn ag cleachtadh ag an mBarra agus a fhostaítear le hionadaíocht a dhéanamh ar Stiúrthóir na nIonchúiseamh Poiblí ar bhonn cás ar chás a láimhseálann trialacha ar díotáil.&nbsp; Déanann abhcóidí ionchúiseamh de réir treoracha agus cloífidh siad le Treoirlínte d’Ionchúisitheoirí.&nbsp;Is faoin Stiúrthóir atá sé, faoi réir fheidhmíocht shásúil thar a ceann &hellip; <a href="https://www.dppireland.ie/ga/working-with-us/prosecution-panel/">Continued</a></p>

<!-- This site is optimized with the Yoast SEO plugin v27.4 - https://yoast.com/product/yoast-seo-wordpress/ -->
<title>Painéal Ionchúisimh - Office of the Director of Public Prosecutions</title>
<meta name="description" content="Office of the Director of Public Prosecutions - Providing a prosecution that is independent, fair and effective" />
<meta name="robots" content="index, follow, max-snippet:-1, max-image-preview:large, max-video-preview:-1" />
<link rel="canonical" href="https://www.dppireland.ie/ga/working-with-us/prosecution-panel/" />
<meta property="og:locale" content="ga_IE" />
<meta property="og:type" content="article" />
<meta property="og:title" content="Painéal Ionchúisimh - Office of the Director of Public Prosecutions" />
<meta property="og:description" content="Office of the Director of Public Prosecutions - Providing a prosecution that is independent, fair and effective" />
<meta property="og:url" content="https://www.dppireland.ie/ga/working-with-us/prosecution-panel/" />
<meta property="og:site_name" content="Office of the Director of Public Prosecutions" />
<meta property="article:modified_time" content="2022-08-18T15:06:05+00:00" />
<meta name="twitter:card" content="summary_large_image" />
<meta name="twitter:label1" content="Est. reading time" />
	<meta name="twitter:data1" content="1 minute" />
<script type="application/ld+json" class="yoast-schema-graph">{"@context":"https:\/\/schema.org","@graph":[{"@type":"WebPage","@id":"https:\/\/www.dppireland.ie\/ga\/working-with-us\/prosecution-panel\/","url":"https:\/\/www.dppireland.ie\/ga\/working-with-us\/prosecution-panel\/","name":"Painéal Ionchúisimh - Office of the Director of Public Prosecutions","isPartOf":{"@id":"https:\/\/www.dppireland.ie\/#website"},"datePublished":"2019-03-05T15:50:06+00:00","dateModified":"2022-08-18T15:06:05+00:00","description":"Office of the Director of Public Prosecutions - Providing a prosecution that is independent, fair and effective","breadcrumb":{"@id":"https:\/\/www.dppireland.ie\/ga\/working-with-us\/prosecution-panel\/#breadcrumb"},"inLanguage":"ga-IE","potentialAction":[{"@type":"ReadAction","target":["https:\/\/www.dppireland.ie\/ga\/working-with-us\/prosecution-panel\/"]}]},{"@type":"BreadcrumbList","@id":"https:\/\/www.dppireland.ie\/ga\/working-with-us\/prosecution-panel\/#breadcrumb","itemListElement":[{"@type":"ListItem","position":1,"name":"Home","item":"https:\/\/www.dppireland.ie\/ga\/"},{"@type":"ListItem","position":2,"name":"Slí bheatha linn","item":"https:\/\/www.dppireland.ie\/ga\/working-with-us\/"},{"@type":"ListItem","position":3,"name":"Painéal Ionchúisimh"}]},{"@type":"WebSite","@id":"https:\/\/www.dppireland.ie\/#website","url":"https:\/\/www.dppireland.ie\/","name":"Office of the Director of Public Prosecutions","description":"Providing a prosecution that is independent, fair and effective","potentialAction":[{"@type":"SearchAction","target":{"@type":"EntryPoint","urlTemplate":"https:\/\/www.dppireland.ie\/?s={search_term_string}"},"query-input":{"@type":"PropertyValueSpecification","valueRequired":true,"valueName":"search_term_string"}}],"inLanguage":"ga-IE"}]}</script>
<!-- / Yoast SEO plugin. -->

Painéal Ionchúisimh - Office of the Director of Public Prosecutions

Slí bheatha linn
